 is the tens digit of j?
4
Suppose 0 = -7*v + 3116 - 484. What is the units digit of v?
6
Let r = -13 - -31. Suppose 0 = -4*g - 6 + r. Suppose -g*m - 2*j + j = -46, -40 = -2*m - 3*j. What is the units digit of m?
4
Let g be ((-12)/3 + 4)/1. Suppose g = 5*k - 201 - 74. What is the units digit of k?
5
Let a = -840 - 144. Let u = 12 - 22. What is the tens digit of u/(-65) - a/26?
3
Suppose -2*f = -l, -f + 10 = -0*l + 2*l. Suppose 4*j + 59 = l*x + 843, x - 196 = -j. What is the units digit of j?
6
Suppose -89 - 355 = 4*d. Let j = d + 177. What is the tens digit of j?
6
Suppose 7*v = -630 + 91. Let m = v - -166. What is the units digit of m?
9
Let t(k) = -k**2 - 14*k + 10. Let o be t(-12). Suppose -p - 3 = 0, -2*p - 2 + 12 = 2*q. What is the units digit of (o/3)/(q/24)?
4
Let j(q) = -3*q + 5. Let p be j(-4). Suppose -p = -4*h - 13. Suppose -d + 51 = 2*g, 3*g + h + 2 = 0. What is the tens digit of d?
5
Suppose 3*x = -7*h + 8*h - 499, -3*h = -3*x - 1521. Suppose -4*f + h = -5*y, -y = y - 10. What is the units digit of f?
4
Let d = -28 - -19. What is the tens digit of d/(-12) + (-579)/(-12)?
4
What is the tens digit of 33621/27 - -3 - 4/18?
4
Let b be (-8 - -8)/(0 + 1 + -3). What is the units digit of 1*(97 - b) - 2?
5
Let j(h) = 12*h**2 - 46*h - 308. What is the tens digit of j(-7)?
0
Suppose 3*g = -2*c + 3531, -1089 = -3*g + 2*c + 2430. Suppose -15*v = -550 - g. What is the tens digit of v?
1
Let r(w) = 2*w**2 - 27*w + 24. What is the units digit of r(-7)?
1
Let t = -1063 + 3168. What is the units digit of t?
5
Let l(z) = 43*z - 5. What is the units digit of l(11)?
8
What is the units digit of (-1263)/((-18)/(-4)*(-3)/9)?
2
Let r = -443 - -499. What is the tens digit of r?
5
Let b be (-2)/(-4) + (-166)/4. Let o = b - -100. What is the units digit of o?
9
Let j = -8 - -11. Let r be 1322/j - (-6)/(-9). What is the units digit of r/45 + (-2)/(-9)?
0
Suppose 82 + 2680 = q. What is the units digit of q?
2
Let j(b) = -b**3 - 4*b**2 - 4*b + 5. Suppose 14 + 6 = 4*a. Suppose s = -a - 0. What is the units digit of j(s)?
0
Let g(f) = -12*f**3 + 3*f**2 + 2*f + 2. Let z = -40 - -38. What is the tens digit of g(z)?
0
Let u(o) be the second derivative of 2*o + 1/2*o**3 + 3/2*o**2 + 0. What is the units digit of u(4)?
5
Let x = -459 + 735. What is the units digit of x?
6
Let u = -24 - -13. What is the units digit of -10*u/(165/18)?
2
Suppose -p = -3*a + 4*p + 2, 1 = -4*a + 3*p. What is the units digit of 1/a - (-45 + -11)?
5
Suppose -5*g = z + 24, 5*g = 2*z + z - 8. Let l be (-2)/(-3*z/138). Let k = 40 + l. What is the tens digit of k?
1
Suppose -4*q + 5*q = -1. Let f = q - -1. Suppose f = -z - z + 30. What is the tens digit of z?
1
Let g(x) = x**3 - 2*x**2 + x - 7. Let y be g(3). Suppose -y*t + 4*t - 29 = -4*l, 4*t = l - 26. What is the units digit of l?
6
Let v(o) = 3*o + 10. Suppose 0 = 3*x - x + 8. Let g be v(x). Let p = 22 - g. What is the tens digit of p?
2
Let p = -6 - -53. Suppose y + r + 21 = 2*y, 2*r - 15 = -y. Let x = p - y. What is the tens digit of x?
2
Suppose 0 = 10*d - 7*d - 2*t - 41, 3*d = -t + 38. What is the hundreds digit of (19 - d)/(((-2)/(-79))/1)?
2
Let v(l) = -l - 7. Let x be v(0). Let m = 67 + x. Let n = -32 + m. What is the units digit of n?
8
Let g(t) = -t**3 + 5*t**2 - 2*t + 465. What is the tens digit of g(0)?
6
Let y = 62 + -27. Let r = y - 27. What is the units digit of r?
8
Let u be 2 + 2 - 3 - 4. Let l(c) = 2*c**2 + 4*c + 1. What is the units digit of l(u)?
7
Let i(x) = x**2 + 8*x + 47. What is the units digit of i(21)?
6
Suppose -26 = -2*o - 0. Let v = o + 14. What is the tens digit of v?
2
Suppose 4*c + 6*x - 25 = 5*x, 0 = -5*x - 15. Let b be (5/(-2))/(9/(-18)). Let m = c - b. What is the units digit of m?
2
Suppose -15*u = u - 34768. What is the units digit of u?
3
Suppose 0 = -4*p - 0*z + z + 3656, -z = -5*p + 4569. What is the tens digit of p?
1
Let a = -12 - -3. Let w = a + 6. Let m = w - -53. What is the tens digit of m?
5
Suppose 3*k = 5*w - 1265, -5 = -2*k + k. What is the hundreds digit of w?
2
Suppose 13*w - 576 = -3*w. What is the tens digit of w?
3
Suppose -1398 = -3*g - 4*y + 2*y, -3*g + 1410 = -2*y. Suppose 9*v - 1215 = -g. What is the tens digit of v?
8
Let v = 165 - 236. Let w be 6/(-51) - 1987/17. Let b = v - w. What is the tens digit of b?
4
Suppose 105*g = 122*g - 70227. What is the thousands digit of g?
4
Let p(o) = 3*o**2 - 10*o + 159. What is the hundreds digit of p(20)?
1
Suppose 2*g + c = -0*g + 3120, 16 = -4*c. What is the units digit of g?
2
Let u(t) = 38*t + 2 + 51*t - 58*t. What is the units digit of u(3)?
5
Let d = 41 + -37. Suppose d*k - 146 = -2*g - k, 5*k = 10. What is the tens digit of g?
6
Suppose 1265 + 11685 = 14*z. What is the tens digit of z?
2
Let o be (0 + 32)/1 + 0. Let t = -1 - -9. Let r = o - t. What is the tens digit of r?
2
Let s(k) = 2*k**3 + 3*k**2 + k - 1. Let g be s(-2). Let r = -4 - g. Suppose -5*x = -10, -2*n = -3*x - r - 11. What is the units digit of n?
0
Suppose -3*o = 2*w - 153 - 160, -3*o = -5*w + 835. Suppose 3*h + h - w = 0. What is the tens digit of h?
4
Suppose -b - 4*b - 21 = -o, -4*o + 16 = -3*b. What is the units digit of -4 + o/3 + 10920/45?
9
Let i(n) = 4*n + 25. Let o be i(-5). Suppose 2*g = 0, -5*v + 232 + 18 = -o*g. What is the units digit of v?
0
What is the hundreds digit of ((-2913)/9)/((-2)/6)?
9
Suppose -i - 2*i = -y - 128, 4*i - y = 171. Suppose z - i = 23. Suppose -4*j - 15 = -u + 7, z = 3*u + 5*j. What is the units digit of u?
2
Suppose -5*i + s = -2*i - 506, 5*i = s + 842. What is the tens digit of i - -15 - 1*-2*2?
8
Suppose -d = d - 30. What is the units digit of (0 + (-12)/d)/(12/(-30))?
2
Suppose 5*y = -5*q + 25, -y = -5*q - 0*y + 19. Suppose -1069 = -4*i - o - 38, 1037 = q*i + 3*o. What is the hundreds digit of i?
2
What is the tens digit of ((-8)/8)/(1/(-135))?
3
Suppose 11 + 9 = 4*q. Suppose 5*z + 204 = q*g - 156, -2*z = -10. What is the tens digit of g?
7
What is the thousands digit of 32344/22 - (11 + (-119)/11)?
1
Suppose -5*k = 3*l - 183, 24 + 13 = k + l. What is the units digit of k?
6
Let a(y) = y - 7. Let v be a(9). Let c(d) = -2*d**v + 4 - d**2 + d**3 + 11*d**2 - d. What is the units digit of c(-8)?
2
Let v = 1107 + -467. What is the units digit of v?
0
Suppose 0 = -6*t + 5895 - 597. What is the tens digit of t?
8
Let o(x) = -x**3 + 7*x**2 - 3*x - 14. Let j be o(6). Let z be 3*j/(-3) - 3. What is the tens digit of 1/2*(z - -141)?
6
Suppose -a - 495 = -6*a. What is the units digit of (-1)/3*(6 - a)?
1
Let u(p) = p**3 + 6*p**2 + 4*p + 2. Suppose -r = 5*g + 13, r + 2*g + 1 = g. Suppose r*b = -10 + 4. What is the units digit of u(b)?
7
Let h(z) = 2*z**3 - 2*z**2 - 3*z - 3. Let c be h(-2). Let y = c - -23. What is the units digit of y?
2
Suppose -4*f + 519 + 812 = 5*a, -262 = -a - 5*f. Let k = a - 178. What is the tens digit of k?
8
Let d = 300 - -114. What is the hundreds digit of 16/3*(-3 - d/(-12))?
1
Suppose 0 = -4*b + 9*b + 4*s - 840, 4*b - 646 = 2*s. What is the tens digit of b?
6
Let j = -39 + -138. Let u be 1*(7 - 4 - j). Suppose -u = -6*w - 0*w. What is the units digit of w?
0
Suppose -9*w + 1616 + 634 = 0. What is the tens digit of w?
5
Let h = -845 - -884. What is the tens digit of h?
3
Let m(i) = 5*i**2 + 29*i - 206. Let s(a) = a**2 + 6*a - 41. Let t(f) = 2*m(f) - 11*s(f). What is the tens digit of t(-7)?
4
Suppose 5*c + b - 30221 = 4*b, 5*c = 2*b + 30219. What is the units digit of c?
3
Suppose -4*a + 8*w + 5 = 3*w, -5*w = a + 30. Let d be (0 - a)/((-1)/(-18)). Suppose -5*g - d = -7*g. What is the units digit of g?
5
Suppose -d - 1 = 5*m - 71, 5*d = -2*m + 350. What is the tens digit of d?
7
Let d = -18 + 38. Suppose -d = -3*b + 2*b. What is the units digit of 21/(-2)*b/(-15)?
4
What is the tens digit of -1 - -4 - ((-3 - 635) + 7)?
3
Let x(s) be the first derivative of -s**4/4 + 3*s**3 - 3*s**2/2 + 7*s + 7. What is the tens digit of x(6)?
9
Suppose -2*p = 5*x - 17, -3*p = 4*x - 2*x + 2. Suppose x*s - 27 = 8. Suppose -s*h = -12*h + 140. What is the units digit of h?
8
Let b = 137 + -11. What is the tens digit of b?
2
Suppose 0*u + 2772 = 4*u. What is the units digit of u?
3
Suppose 3*t - t - 6 = 0. Suppose -4*d = -p + 14, t = 3*p + d - 0. Suppose -p*g - 2*g = -3*s - 95, -3*g + 87 = 3*s. What is the tens digit of g?
2
Suppose -12